3, 23
Suppose -5*k + 0*m + 2*m = 316, 0 = 4*m + 8. Let d = 0 - k. List the prime factors of d.
2
List the prime factors of -7 + 20/3 + (-5)/((-90)/991932).
3, 13, 157
Suppose -7*b + 2*b = -2*i + 1225, -5*i - 3*b + 3140 = 0. Suppose i = w + 297. List the prime factors of w.
2, 41
Let a = 950 - -55. Suppose 50*k - a = 47*k. What are the prime factors of k?
5, 67
Suppose 3*g + 6 - 12 = 0. Let w be -2*(-75)/(-20)*g. List the prime factors of (-82)/5*w/6.
41
List the prime factors of (8 - (-88)/11) + 13649.
3, 5, 911
Let n(j) be the third derivative of -j**5/24 + 4*j**4/3 + j**3/6 - j**2. Let x(v) be the first derivative of n(v). List the prime factors of x(-11).
3, 29
Let d be (-12)/(-8)*(-3 + (-22)/(-6)). Let y be 3 + (3 - d) + -12. Let i(a) = -19*a - 31. List the prime factors of i(y).
2, 3, 17
Suppose 0 = -18*n + 5*n + 143. Suppose -23*i + 4236 = -n*i. List the prime factors of i.
353
Let w be (-1)/(4/(-16) + 0/1). Suppose y + 57 = w*t, 3*y + 2*y - 27 = -4*t. Suppose 4*l = t + 199. List the prime factors of l.
53
Let i = 587 - 565. Suppose i*c + 671 = 23*c. What are the prime factors of c?
11, 61
Suppose -7*j - 466 = -2797. Suppose 334*m = j*m + 222. List the prime factors of m.
2, 3, 37
Let k = -5729 - -9010. Suppose -k = -5*j - 1076. List the prime factors of j.
3, 7
Suppose 6443 + 18691 = 6*v. List the prime factors of v.
59, 71
Let r = -279 + 279. Suppose -5*q + 3738 = -2*w, -25*q + 29*q + 3*w - 2995 = r. What are the prime factors of q?
2, 11, 17
Suppose -b + 4*w + 16 = 0, 5*w + 33 = -43*b + 41*b. Let s = -88 + -198. List the prime factors of s/(-1 - 1) + 3 + b.
2, 71
Suppose 0 = -3*a - 6*c + 9*c + 72, 0 = 2*a + 5*c - 27. Suppose -a*o = -1867 - 3824. List the prime factors of o.
271
Let h(y) = -3*y**3 - 74*y**2 + 13*y - 179. List the prime factors of h(-30).
13831
Let l = -17 - -27. Let x(i) = 10*i**2 + 10*i + 10. Let f(h) = h**2 + 2*h - 1. Let r(j) = -8*f(j) + x(j). List the prime factors of r(l).
2, 79
Let a(r) = 36*r - 56. Suppose -4*p = -3*t + 306, -3*t + 225 = 3*p - 60. Let h = t - 91. List the prime factors of a(h).
2, 7
List the prime factors of -1*(-1 - -10) + 10 + 19161 + -2.
2, 5, 479
Let c be -16*(-4)/((-64)/(-2168)). Let u = -1212 + c. What are the prime factors of u?
2, 239
Let y = -26 + 31. Suppose n = a + 594, -3 = 4*a + y. List the prime factors of n.
2, 37
What are the prime factors of (-3)/6*-12 + -14194*(-19)/19?
2, 5, 71
Let c(q) = 21*q - 3. Let o be c(-3). Let i = o - -70. Suppose 4*w - 524 = i*p - 2*p, 126 = w - 3*p. What are the prime factors of w?
2, 3, 11
Suppose -1864772 = -1423*v + 1371*v. What are the prime factors of v?
7, 47, 109
Let v(u) = 26*u + 189. Let k be v(0). Let t = 784 - k. List the prime factors of t.
5, 7, 17
Let n be 15 - 18 - (0 - -32)/(-1). Suppose 4*x + 79 = -n. Let g(y) = -4*y + 65. What are the prime factors of g(x)?
173
Suppose 3*x - 17 = 82. Suppose -23 = w - x. Let r(u) = u**2 - 5*u + 2. What are the prime factors of r(w)?
2, 13
Suppose -13*z + 16 = -9*z. Suppose 0 = 4*j + 2*n - 40, -n = n - z. List the prime factors of (102/j - 2)*18/4.
2, 3, 7
Let m = -80 - -90. Let q(v) = v**3 - 9*v**2 - 10*v - 6. Let i be q(m). List the prime factors of i/51 - 2554/(-34).
3, 5
Suppose -75*p = p - 155192. List the prime factors of p.
2, 1021
Suppose -3*y = q - 6*y - 56, 3*q + y = 218. Let i(k) = k + 2. Let j be i(-1). List the prime factors of (j + q)/(-18 + 19).
2, 3
List the prime factors of (-59 - 2/2)*378932/(-488) - -5.
5, 9319
Let p = -2560 - -6849. What are the prime factors of p?
4289
Suppose -3*f + j + 24660 = 7091, -5865 = -f - 4*j. What are the prime factors of f?
5857
Let z(k) = 89*k + 107. Let l(b) = -45*b - 53. Let a(q) = 5*l(q) + 2*z(q). What are the prime factors of a(-13)?
2, 5, 7
Let z be (-20)/15 - (-10)/3. Let t(v) = -7*v**2 + 8*v**2 - z*v + 6*v**2. List the prime factors of t(-4).
2, 3, 5
Let n = 101 + -85. Let t(r) = 68*r - 75. What are the prime factors of t(n)?
1013
Suppose l + 6*l = 1092. Suppose 3*a = l + 375. Suppose 565 + a = 7*t. What are the prime factors of t?
2, 53
Let o(i) = -313*i**3 + 9*i**2 + 30*i + 23. What are the prime factors of o(-3)?
5, 1693
List the prime factors of (-565575)/(-19) + ((-1450)/(-475))/(-29).
17, 103
Let a be (-28)/(-42) - (-20)/6. Let b(z) = -2685*z**2 - a*z - 20 + 15*z + 2686*z**2. List the prime factors of b(-19).
2, 3, 11
Let l(o) = -o**3 + 19*o**2 - 29*o - 20. Let m be l(18). Let q = 553 + m. List the prime factors of q.
5, 67
Suppose -g = -3*p - 25, 2*g = -3*p + 6 + 26. Let x = g + 3. List the prime factors of (42/28)/((-3)/(-8))*x.
2, 11
Suppose 416880 = 3658*j - 3618*j. What are the prime factors of j?
2, 3, 193
Suppose 27917 + 5548 = 69*f. List the prime factors of f.
5, 97
Let k be (-14404)/(-40) + (-7)/70. Let m = k + 37. What are the prime factors of m?
397
Let l = -208 - -213. Suppose -2*y - l*m + 6*m = -847, -4*m = 12. List the prime factors of y.
2, 211
Suppose -7*v + 100996 = 2*v + 5*v. List the prime factors of v.
2, 3607
Suppose -2 = q, -4*q - 980 = -4*z - 0*q. Suppose -z - 1667 = -5*c. List the prime factors of c.
2, 191
Let q be (454/(-4))/((-1)/4). Suppose 5*r = 2*f + 1118 + 316, -r - 2*f = -282. Let m = q - r. What are the prime factors of m?
2, 3, 7
Let w = -2771 - -5842. What are the prime factors of w?
37, 83
Let c(h) = h**3 - h**2 + h + 2. Let b(d) = -d**2 - 6*d + 6. Let q be b(-5). Suppose q*g = 2*g. What are the prime factors of c(g)?
2
Let a = -3414 + 2333. Let b = -415 - a. What are the prime factors of b?
2, 3, 37
Suppose 1746 = 6*s + 12*s. Let t = s + -87. List the prime factors of (0 + 18)*45/t.
3
Let v be 5/(-120)*4 + (-91)/(-6). Suppose -3276 = o - v*o. What are the prime factors of o?
2, 3, 13
Let b(g) = 5*g - 96. Let o be b(26). Suppose 26*f = o*f - 6696. What are the prime factors of f?
3, 31
Suppose -3*n + 4*q = 3*q - 23972, 0 = -5*n + q + 39956. List the prime factors of n.
2, 3, 37
Suppose -3461*g + 199960 = -3441*g. What are the prime factors of g?
2, 4999
Let m = -11100 + 25020. List the prime factors of m.
2, 3, 5, 29
Suppose 67*j = -3*p + 64*j + 26796, 4*p + 3*j = 35732. List the prime factors of p.
2, 1117
Suppose 4*i - 27080 = -t, -3*t = -i - i + 13540. What are the prime factors of i?
2, 5, 677
Let x(u) = u**3 + 13*u**2 - 3*u - 12. Let m = 169 - 176. List the prime factors of x(m).
3, 101
Suppose -4*x + 6 = -x. Suppose 5*z = j + 261 + 104, x*j - 158 = -2*z. List the prime factors of z.
2, 37
Let k(l) = -1099*l + 69. What are the prime factors of k(-4)?
5, 19, 47
Let r(b) = -b**3 + 3*b**2 - 12*b - 10. Let k be r(-4). Suppose 710 - k = 4*o. Suppose -23 = -l + o. What are the prime factors of l?
163
Suppose -101*y - 14*y + 26*y + 2172401 = 0. What are the prime factors of y?
7, 11, 317
Let r be (-2)/3 + 11837/21. Let v be 2/(-3) - r/(-3). Suppose 2*z - v = 5*u, z - 5*u - 379 = -3*z. What are the prime factors of z?
2, 3
Let l be (-4150)/(-40) - 13 - (-1)/4. What are the prime factors of (-4864)/(-7) + 13/l?
5, 139
List the prime factors of (51212328/(-1692))/((-1)/(3/2)).
83, 547
Suppose -154 = 4*p + 22. Let q(o) = 17*o - 4. Let w be q(-4). Let c = p - w. List the prime factors of c.
2, 7
Let v be (-4)/(-6) + (-10)/(-3). Let s = 305 - 185. Suppose -4*b + 2*f + s = 6*f, v*b = -2*f + 118. List the prime factors of b.
29
Let w = -3534 + 3665. Let s = -46 + 3. Let o = w + s. List the prime factors of o.
2, 11
List the prime factors of (3444/35)/(24/920).
2, 23, 41
Let h(m) = -30*m + 22*m - 19 - 2*m**3 + m - 12*m**2. List the prime factors of h(-8).
293
Suppose -4*w - i - 604 = i, 20 = 5*i. Let o = w - -344. Let r = -132 + o. List the prime factors of r.
59
Let f(o) be the second derivative of 181*o**4/12 + 5*o**3/3 + 21*o**2/2 - 67*o. What are the prime factors of f(-3)?
2, 3, 5
List the prime factors of -2 + (-15291)/(-2) - 65/130.
7643
Let d(u) = u**2 + 70*u - 2228. List the prime factors of d(-110).
2, 3, 181
Let l be (324/(-10))/((-51)/(-25) - 2). Let z = l - -1255. Let n = z - 310. What are the prime factors of n?
3, 5
Let q = 3979 + -1565. What are the prime factors of q?
2, 17, 71
Let w be (7 - 102/12)/((-21)/14). Let p = -12 - -8. What are the prime factors of (-5 + 65)*((-10)/p + w)?
2, 3, 5, 7
Let b(a) = 12*a**3 + 3*a**2 - 36. Let p be b(6). Let u = p - 1502. What are the prime factors of u?